) to base 11
-10717
What is 11 (base 5) in base 10?
6
Convert -1011111001001 (base 2) to base 10.
-6089
-6a3 (base 13) to base 12
-7b7
Convert -388 (base 16) to base 14.
-488
What is -10b3 (base 12) in base 14?
-971
695e (base 16) to base 7
141433
-89 (base 10) to base 4
-1121
Convert 1974 (base 12) to base 10.
3112
Convert 77 (base 16) to base 3.
11102
-11243 (base 10) to base 14
-4151
-111110010100100 (base 2) to base 3
-1121202210
What is 347 (base 8) in base 10?
231
-eda (base 16) to base 13
-1966
-177 (base 8) to base 11
-106
Convert 122340 (base 7) to base 4.
11133012
Convert b6b (base 16) to base 10.
2923
-4d0 (base 16) to base 6
-5412
Convert 6a (base 15) to base 13.
79
-1331 (base 16) to base 10
-4913
Convert -25 (base 13) to base 12.
-27
Convert 25031 (base 7) to base 16.
198b
What is 1212220 (base 3) in base 13?
819
What is -2578 (base 11) in base 7?
-12526
-3222 (base 8) to base 11
-129a
125425 (base 6) to base 2
10110101011001
-1111001001010010 (base 2) to base 10
-62034
Convert 1a4aa (base 11) to base 13.
ccc7
Convert 2012 (base 9) to base 6.
10445
What is 202242 (base 6) in base 12?
9382
Convert -521 (base 8) to base 16.
-151
What is 237 (base 13) in base 7?
1056
Convert 4445 (base 6) to base 14.
541
What is 1698 (base 11) in base 15?
994
-1200200212 (base 3) to base 5
-2031224
Convert 1635 (base 13) to base 12.
1a73
-35a4 (base 16) to base 12
-7b44
Convert -b7 (base 16) to base 5.
-1213
What is -316 (base 13) in base 6?
-2234
What is -13201 (base 4) in base 3?
-122211
Convert 4106 (base 9) to base 4.
232323
Convert 1771 (base 15) to base 10.
5056
Convert 7510 (base 16) to base 11.
20574
What is -3100 (base 4) in base 6?
-544
What is -599 (base 11) in base 15?
-328
Convert 646 (base 13) to base 8.
2060
-12833 (base 9) to base 16
-21f9
What is -2101011 (base 3) in base 13?
-a33
What is 1c07 (base 14) in base 7?
20610
Convert -11788 (base 12) to base 11.
-16793
Convert -23d (base 16) to base 12.
-3b9
What is 41155 (base 6) in base 15?
194b
What is 1133000 (base 4) in base 6?
44052
Convert -1101100022 (base 3) to base 14.
-9cc8
-333321 (base 4) to base 14
-16c1
-3380 (base 10) to base 4
-310310
What is -1023b (base 14) in base 4?
-21133031
What is -3311 (base 4) in base 2?
-11110101
Convert -121021110 (base 3) to base 14.
-4477
24605 (base 8) to base 12
6199
What is -1754 (base 11) in base 15?
-9e2
What is 2566 (base 10) in base 11?
1a23
What is -1540 (base 11) in base 12?
-1190
What is -253 (base 6) in base 5?
-410
-771 (base 8) to base 12
-361
What is 195 (base 16) in base 13?
252
-b49 (base 12) to base 2
-11001101001
6ee (base 15) to base 12
ab2
1010111101 (base 2) to base 16
2bd
Convert -11001111000 (base 2) to base 6.
-11400
-12130101 (base 4) to base 9
-40166
-1111101001 (base 2) to base 3
-1101002
What is -19844 (base 10) in base 4?
-10312010
-2010204 (base 5) to base 15
-96d9
-40466 (base 8) to base 10
-16694
Convert -6592 (base 15) to base 13.
-9a3a
-25c3 (base 14) to base 4
-1213233
120021201 (base 3) to base 8
25607
Convert -125c (base 15) to base 10.
-3912
What is 1741 (base 10) in base 4?
123031
-6766 (base 8) to base 7
-13264
What is -431 (base 10) in base 7?
-1154
-2433 (base 10) to base 9
-3303
11001000101 (base 2) to base 6
11233
8b8 (base 12) to base 5
20132
Convert -34201 (base 5) to base 3.
-10022212
Convert -301221 (base 4) to base 11.
-2429
4452 (base 10) to base 12
26b0
Convert 5778 (base 9) to base 3.
12212122
What is 100100010101 (base 2) in base 8?
4425
-1b4 (base 13) to base 10
-316
What is 23402 (base 5) in base 6?
11555
Convert -40 (base 11) to base 3.
-1122
What is 10a39 (base 12) in base 9?
33430
-1bc (base 15) to base 14
-20a
What is -214241 (base 8) in base 6?
-1312333
-91b (base 16) to base 7
-6540
Convert -121111 (base 3) to base 14.
-23b
What is -2460 (base 13) in base 15?
-17d3
-111100001010001 (base 2) to base 13
-11034
11e88 (base 16) to base 8
217210
-4726 (base 16) to base 14
-68d0
Convert 533 (base 6) to base 16.
c9
Convert -3311 (base 9) to base 14.
-c64
Convert -10443 (base 7) to base 4.
-221010
-101000100 (base 2) to base 5
-2244
What is 2788 (base 14) in base 3?
100120112
What is -11217 (base 10) in base 16?
-2bd1
-18690 (base 12) to base 16
-8acc
Convert -351315 (base 6) to base 16.
-75bf
What is -20382 (base 9) in base 6?
-142115
What is -1001001111 (base 2) in base 12?
-413
What is -12331 (base 4) in base 15?
-1ea
What is 11040 (base 8) in base 11?
3539
What is 17167 (base 12) in base 10?
33055
What is -29 (base 13) in base 6?
-55
Convert 7809 (base 13) to base 8.
40544
167 (base 15) to base 8
502
Convert 203103 (base 4) to base 13.
104a
-1770 (base 9) to base 16
-54f
-100110110101 (base 2) to base 5
-34420
What is -2539 (base 16) in base 9?
-14057
Convert 1544 (base 6) to base 10.
424
2033201 (base 4) to base 12
5395
What is 23c (base 15) in base 9?
623
123 (base 16) to base 3
101210
What is 3211 (base 6) in base 9?
887
Convert -1176 (base 9) to base 11.
-72a
Convert -545b (base 15) to base 16.
-45c5
-2107 (base 12) to base 7
-13342
-10235 (base 9) to base 10
-6755
3030404 (base 5) to base 2
1011111011010110
b76 (base 16) to base 7
11361
Convert 4433 (base 6) to base 14.
537
Convert -2111222 (base 3) to base 8.
-3453
-22341 (base 5) to base 13
-95a
Convert 1001001001010 (base 2) to base 10.
4682
Convert -1377 (base 13) to base 5.
-42202
What is 790 (base 12) in base 9?
1470
40565 (base 7) to base 10
9896
What is 247b (base 14) in base 16?
18ed
What is -8c84 (base 16) in base 11?
-25032
Convert 4c44 (base 15) to base 14.
5cda
Convert 2518 (base 10) to base 11.
198a
What is -10101101 (base 2) in base 6?
-445
5870 (base 13) to base 9
18038
-202 (base 9) to base 8
-244
What is 1000101110 (base 2) in base 10?
558
Convert -200433 (base 7) to base 13.
-12528
1110101101101100 (base 2) to base 9
101604
-125 (base 11) to base 6
-404
-2184 (base 10) to base 14
-b20
Convert -344 (base 5) to base 9.
-120
What is 1411 (base 5) in base 10?
231
-41 (base 8) to base 2
-100001
7362 (base 8) to base 11
2969
What is 330 (base 8) in base 10?
216
What is -32216 (base 8) in base 9?
-20408
Convert cb6 (base 16) to base 2.
110010110110
Convert 192 (base 15) to base 13.
21b
What is 8833 (base 12) in base 9?
22533
Convert 10110000010000 (base 2) to base 7.
44613
Convert -220 (base 3) to base 4.
-120
What is 1422 (base 8) in base 3?
1002010
5aa (base 11) to base 14
39b
188 (base 12) to base 3
100012
Convert 71d (base 16) to base 12.
1079
What is 1100111101 (base 2) in base 3?
1010201
Convert -252 (base 9) to base 5.
-1314
What is 7463 (base 12) in base 13?
5a57
1706 (base 13) to base 3
11122102
What is -52b (base 12) in base 9?
-1028
What is -405 (base 7) in base 8?
-311
-350 (base 15) to base 11
-622
What is 1ce (base 15) in base 2?
110100011
What is 51c (base 13) in base 10?
870
Convert 1037 (base 15) to base 7.
12664
-44c (base 16) to base 6
-5032
What is 2b9c (base 15) in base 16?
249c
What is 10013 (base 8) in base 5?
112412
1141342 (base 5) to base 2
101001111100000
Convert 110110101010 (base 2) to base 6.
24110
What is -10523 (base 6) in base 13?
-8a9
Convert 3214 (base 7) to base 16.
472
What is -3021 (base 11) in base 14?
-166c
b7 (base 13) to base 2
10010110
-76b (base 12) to base 14
-57d
Convert -14af (base 16) to base 12.
-3093
486 (base 14) to base 2
1110000110
-755 (base 15) to base 3
-2021022
-21250 (base 8) to base 4
-2022220
Convert 4050 (base 8) to base 15.
943
Convert -232001 (base 6) to base 14.
-7357
3213200 (base 4) to base 16
39e0
Convert -7212 (base 10) to base 6.
-53220
What is 110010000 (base 2) in base 8?
620
Convert 25b (base 15) to base 3.
201212
Convert 22ae (base 16) to base 13.
406c
-131315 (base 6) to base 13
-5600
-26d (base 14) to base 15
-229
What is 30211 (base 7) in base 15?
2274
Convert -3824 (base 12) to base 3.
-22201201
-2111103 (base 5) to base 6
-430425
What is 231310 (base 4) in base 14?
10d6
Convert -124 (base 12) to base 9.
-211
What is -12878 (base 9) in base 16?
-2222
What is 9704 (base 14) in base 12?
13108
What is -aca1 (base 15) in base 16?
-8ef9
-1254 (base 10) to base 6
-5450
-1101110010 (base 2) to base 12
-616
Convert -3240 (base 8) to base 6.
-11504
-50b (base 15) to base 16
-470
-234 (base 6) to base 10
-94
What is -1122 (base 4) in base 12?
-76
15